divisor of j and h.
5
Let c(t) = -55*t - 4. Let p be c(-3). Suppose 0 = 2*f + 5*m - 41, 9*m = -3*f + 12*m + 72. Calculate the highest common factor of f and p.
23
Let o(i) = i**3 - 10*i**2 + 7*i + 13. Let t be o(9). Let v(g) = -30*g + 12. Let l be v(t). What is the highest common divisor of l and 18?
18
Suppose -2*h + 2*u = -6, -3*u = -0*h + 3*h - 39. Suppose -11*i = -9*i - h. Suppose -68 = -3*x - 8. Calculate the greatest common factor of i and x.
4
Let k be (2 - (1 + 2)) + 22. Let i = 541 + -520. Calculate the highest common divisor of i and k.
21
Suppose 0 = 5*j + 15, n = -2*j + 4 + 12. Let k = -18 + n. Suppose -298 = -4*a + b + b, -k*b = 20. Calculate the greatest common divisor of 8 and a.
8
Let q be (-1 + 3)/(10/(-25)). Let m be 6 + -6 - (2 + -5). Let j = m - q. What is the highest common factor of j and 4?
4
Let s be (87 - 137)*(-2)/5. What is the greatest common divisor of 180 and s?
20
Let y(k) = -k. Let m be y(-3). Let l(r) = -r**3 + 10*r - 15. Let h be l(-4). What is the greatest common factor of m and h?
3
Suppose 2*q + 9 + 4 = -3*n, -3*q + 4*n = 62. Let f = 45 + q. What is the highest common factor of f and 155?
31
Suppose 0 = d - 3 - 0. Suppose 0 = d*k + 2 - 8. Suppose 105 - 5 = k*o. What is the highest common divisor of o and 10?
10
Suppose -3 = 4*n + 17. Suppose 160 = 7*w + w. Let b = w + n. Calculate the greatest common factor of 6 and b.
3
Suppose j + 3 = 4*y, -y + 0*j + j - 3 = 0. What is the highest common divisor of 26 and y?
2
Let c(q) = -q**3 + 2*q**2 + 8*q + 14. Let s be c(-4). Suppose 2*j + s = 5*j. Calculate the highest common factor of 104 and j.
26
Let w = 18 - 17. Let s be ((-13)/(-5))/(2/10). Calculate the highest common factor of w and s.
1
Let m = 891 - 735. What is the greatest common divisor of m and 84?
12
Let o = -224 - -1413. Calculate the greatest common factor of o and 41.
41
Suppose 0 = -y + 4*l + 103, 37*l - 35*l + 8 = 0. Calculate the greatest common factor of 3 and y.
3
Let j(l) = 70*l - 80. Let r be j(4). Calculate the greatest common factor of 80 and r.
40
Let r = -149 - -267. Calculate the greatest common factor of 1593 and r.
59
Let n be (0 + 0)*(-2)/2. Suppose n = -0*c - c. Suppose -5*r = -3*y - 2*r + 27, -5*y - 2*r + 24 = c. What is the greatest common factor of 9 and y?
3
Let b = 2698 - 1866. What is the greatest common divisor of b and 13?
13
Suppose -d + 1 = 0, 0 = 4*h - 3*d + 2*d + 49. Let a be (57/(-9) - -1)*h. Calculate the greatest common factor of a and 80.
16
Let t = -15 - -29. Let l = t + -7. Calculate the highest common factor of l and 56.
7
Let a = -5 - -8. Let l(q) = -q**3 + q**2 - 2. Let d be l(1). Let j be a - -4*(-1)/d. What is the highest common factor of j and 25?
5
Let h(q) = 3*q - 13. Let n be h(5). Suppose 4*j - f - 11 = -0*f, -n*j + 4*f - 12 = 0. Calculate the greatest common divisor of j and 20.
4
Suppose q = 3*q - 3*t + 3, -q + t = 2. Let s(b) = 8*b + 28. Let p be s(q). What is the greatest common divisor of p and 4?
4
Suppose 13*n - 17*n + 132 = 0. Suppose n*h - 29*h - 304 = 0. What is the highest common factor of 19 and h?
19
Let o be (-14)/20*-5*6. Calculate the greatest common factor of o and 30.
3
Suppose -5*n + 19*n - 84 = 0. Calculate the highest common divisor of 498 and n.
6
Suppose -34 + 4 = -15*q. What is the highest common divisor of q and 14?
2
Suppose -4*j - 7 = 1. Let l be 8/(3/(1 - j)). What is the greatest common divisor of 8 and l?
8
Let a = 50 + -45. Let u = -2 + 4. Let v be ((-5)/u)/(1/(-2)). What is the highest common factor of a and v?
5
Suppose 3*g - 48 = -7*r + 3*r, -4*r = 5*g - 40. What is the greatest common divisor of 245 and r?
5
Let v be ((-20)/(-5) - 47) + 4. Let k = -3 - v. Let m = -18 + k. What is the highest common factor of 162 and m?
18
Let d(f) = -f**3 + f**2 - 9*f - 14. Let v(j) = -j**3 - 8*j - 13. Let s(b) = 4*d(b) - 5*v(b). Let i be s(-3). What is the highest common factor of i and 4?
2
Let l(f) = 17*f**2 + 26*f + 16. Let s be l(-10). Suppose 19*k - 5*k - s = 0. What is the greatest common divisor of 13 and k?
13
Let u = 2416 - 2351. What is the greatest common divisor of u and 45?
5
Let a = 48 - 38. Let j be 80/6*15/a. Calculate the highest common factor of j and 180.
20
Let v be 3 + (-6)/9*3. Let r be 39 + (v - 3) + 2. Calculate the greatest common factor of r and 156.
39
Let v be (360/25)/6*(-30)/(-4). Suppose -o + v = 3. Calculate the greatest common divisor of o and 5.
5
Let k be 477/24 + (-15)/(-120). What is the highest common factor of k and 620?
20
Suppose 42 = 6*p + 3*n - 4*n, 0 = 3*p + 5*n - 21. What is the highest common divisor of p and 56?
7
Let t(v) = -2*v**3 - 16*v**2 - 7*v + 28. Let x be t(-8). What is the highest common divisor of 48 and x?
12
Let l = -4 - -7. Suppose -9*s - 4 = -10*s. Suppose -s*a = 12, a = 2*h - 0*a - 33. What is the greatest common factor of h and l?
3
Let s(p) be the third derivative of -p**6/120 - p**5/30 + p**4/12 + 11*p**3/2 - 7*p**2. Let i be s(0). Calculate the highest common factor of i and 44.
11
Let k(i) = -2*i. Let c be k(-1). Suppose 18*g - 6 - 66 = 0. What is the highest common divisor of c and g?
2
Let c = -19 + 31. Let h be ((-36)/(-5))/(11/(-275)). Let w = 252 + h. Calculate the greatest common factor of c and w.
12
Suppose 0*m - 10 = -m. Suppose -5*o = -5*k - 815, 5*k - 341 = -3*o + 124. Suppose 0 = 4*c - o - 0. Calculate the greatest common factor of c and m.
10
Let o be ((-10)/(-75)*-5)/(6/(-1404)). Calculate the highest common divisor of 585 and o.
39
Let n(r) = 2*r**2 + 24*r + 19. Let f be n(-14). What is the highest common factor of 50 and f?
25
Let y(t) = t**2 + 66*t - 665. Let w be y(9). Suppose h - 2 = 2. What is the greatest common factor of h and w?
2
Suppose 7*q - 11*q = 8. Let b be 14 + (-2)/2*q. Let a = 76 + -44. What is the greatest common divisor of a and b?
16
Suppose 3*c - 68 = -2*y - c, 101 = 4*y + c. Let v = y + -23. What is the highest common factor of v and 7?
1
Let k = -162 - -460. Suppose -k - 134 = -4*a. What is the highest common factor of 12 and a?
12
Let r(m) = -2*m**2 + 3*m + 8. Let f be 6 + (-8)/(6 + -2). Let x be r(f). Let n = -7 - x. What is the greatest common factor of 25 and n?
5
Suppose 5*h = -2*d + 22 + 12, -h = 5*d + 7. Suppose n + y = 3 - 7, -2*y = -4*n + h. Suppose -4*t - 1 + 17 = n. Calculate the highest common divisor of t and 20.
4
Let d(x) = -x**3 - 17*x**2 + 14*x - 44. Let b be d(-18). What is the greatest common divisor of 70 and b?
14
Suppose -w + 13 = q - 19, 3 = -q. Calculate the highest common divisor of w and 25.
5
Suppose 0 = -a - 2*a + h - 441, 3*a = -2*h - 450. Let c = a - -228. Calculate the highest common divisor of 10 and c.
10
Let o(m) = m**3 + 4*m**2 + 2. Let w be o(3). Let c be (30/9 - 2)/((-2)/(-39)). What is the greatest common factor of w and c?
13
Suppose -3*v - 34 = -3*n - 136, 102 = 3*v + 3*n. Calculate the highest common factor of v and 374.
34
Let z(c) = 2*c**3 - 6*c**2 - 2*c - 6. Let t be z(6). Suppose -20 = -2*b - 2*m + 6*m, 4*b = -5*m + 92. What is the greatest common divisor of t and b?
18
Let z = 116 - 46. Let i be 4/14 + (-20)/z + 2. What is the highest common divisor of 7 and i?
1
Suppose 6 = 2*h - 0*h. Let p(c) = -10*c + 25. Let u be p(-11). Suppose u = 84*m - 79*m. Calculate the greatest common factor of h and m.
3
Suppose 0 = -4*a - 0*m + 4*m - 184, 224 = -4*a - 4*m. Let g = -15 - a. Suppose 3*u = -9, -31 - 2 = -3*q - u. Calculate the greatest common factor of q and g.
12
Let z be 0 + -7 + (-600)/(-25). What is the highest common divisor of 153 and z?
17
Let o be (-4)/5*(-35)/2. Suppose 0 + 4 = x - 4*q, 2*q - 12 = -3*x. Suppose 8*n = x*n + 140. What is the highest common factor of o and n?
7
Let q(f) = 7*f**2 - f + 6. Let l be q(3). Suppose 5 = -6*y + 7*y. Suppose -13 = -3*z + y. Calculate the highest common divisor of l and z.
6
Suppose 3*i + 130 = 8*i. Suppose -276 + 21 = -176*f + 97. What is the greatest common factor of i and f?
2
Let l be 279/12 - (-9)/12. Let c = l - 20. Suppose -5*u - 92 = -c*o - u, 2*o + u = 43. What is the greatest common divisor of o and 2?
2
Suppose 81 = -7*h + 9*h - 3*q, -5*h = -3*q - 216. Calculate the greatest common factor of h and 30.
15
Let s be (-37 - 7)*(-2)/(-4)*-4. What is the greatest common divisor of 132 and s?
44
Suppose 0 = 2*f + 3*c + 79, 0 = -7*f + 3*f - 5